305?
301
Calculate the remainder when 77369 is divided by 25772.
53
Calculate the remainder when 2642891 is divided by 139099.
10
Calculate the remainder when 29041 is divided by 178.
27
What is the remainder when 8698883 is divided by 114?
113
Calculate the remainder when 5086525 is divided by 4183.
4180
Calculate the remainder when 10044144 is divided by 604.
228
What is the remainder when 2078946 is divided by 2714?
22
Calculate the remainder when 1995402 is divided by 549.
336
What is the remainder when 173089 is divided by 398?
357
What is the remainder when 59634460 is divided by 114?
34
What is the remainder when 391787 is divided by 2084?
2079
Calculate the remainder when 29776 is divided by 9325.
1801
Calculate the remainder when 40213749 is divided by 202.
195
What is the remainder when 4127309 is divided by 1355?
1334
Calculate the remainder when 21257470 is divided by 90074.
6
What is the remainder when 915568 is divided by 70428?
4
Calculate the remainder when 883007 is divided by 168.
167
What is the remainder when 969092 is divided by 80757?
8
What is the remainder when 2728680 is divided by 151593?
6
What is the remainder when 217387 is divided by 1423?
1091
What is the remainder when 678838 is divided by 3378?
3238
Calculate the remainder when 36255352 is divided by 81.
76
Calculate the remainder when 1295318 is divided by 2430.
128
Calculate the remainder when 6008 is divided by 1739.
791
Calculate the remainder when 75216123 is divided by 25.
23
What is the remainder when 28826064 is divided by 62939?
2
What is the remainder when 1600170 is divided by 86?
54
What is the remainder when 250789 is divided by 150?
139
Calculate the remainder when 55868 is divided by 18134.
1466
Calculate the remainder when 651560 is divided by 1701.
77
What is the remainder when 45924 is divided by 2443?
1950
Calculate the remainder when 243087 is divided by 60734.
151
What is the remainder when 500447 is divided by 25022?
7
Calculate the remainder when 12530708 is divided by 21.
8
What is the remainder when 8615012 is divided by 410236?
56
What is the remainder when 117222 is divided by 462?
336
Calculate the remainder when 432760 is divided by 310.
0
What is the remainder when 877163 is divided by 1547?
14
What is the remainder when 205642 is divided by 435?
322
What is the remainder when 12265274 is divided by 12?
2
Calculate the remainder when 25479 is divided by 23250.
2229
What is the remainder when 41372250 is divided by 247?
244
Calculate the remainder when 15041 is divided by 1067.
103
What is the remainder when 5270432 is divided by 7?
6
What is the remainder when 67067191 is divided by 22355730?
1
Calculate the remainder when 339870004 is divided by 3623.
3620
What is the remainder when 829122 is divided by 1422?
96
What is the remainder when 4915533 is divided by 2457763?
7
Calculate the remainder when 2931504 is divided by 2931493.
11
What is the remainder when 90776 is divided by 988?
868
Calculate the remainder when 62389619 is divided by 5717.
5715
Calculate the remainder when 36676 is divided by 3296.
420
What is the remainder when 116731 is divided by 125?
106
Calculate the remainder when 6500473 is divided by 23638.
23
Calculate the remainder when 621889 is divided by 5315.
34
What is the remainder when 6351623 is divided by 19?
18
What is the remainder when 162102 is divided by 1430?
512
What is the remainder when 88989391 is divided by 66559?
8
What is the remainder when 538093 is divided by 98?
73
Calculate the remainder when 2689578 is divided by 293.
131
What is the remainder when 569970 is divided by 4869?
297
What is the remainder when 4220361 is divided by 290?
281
Calculate the remainder when 232873 is divided by 3409.
1061
What is the remainder when 117724106 is divided by 2728?
2722
Calculate the remainder when 1948421 is divided by 5615.
16
Calculate the remainder when 1782540 is divided by 2991.
2895
What is the remainder when 866820 is divided by 181?
11
Calculate the remainder when 770643 is divided by 485.
463
What is the remainder when 623120 is divided by 346?
320
What is the remainder when 5768117 is divided by 349?
194
What is the remainder when 4808605 is divided by 105?
25
Calculate the remainder when 4368699 is divided by 74.
35
Calculate the remainder when 6841227 is divided by 273.
120
Calculate the remainder when 9960915 is divided by 419.
28
Calculate the remainder when 8031531 is divided by 1307.
16
What is the remainder when 1286497 is divided by 115?
107
What is the remainder when 38680476 is divided by 82?
10
Calculate the remainder when 10704075 is divided by 43.
42
What is the remainder when 226429 is divided by 209?
82
Calculate the remainder when 15111224 is divided by 132.
128
Calculate the remainder when 9841369 is divided by 11.
10
Calculate the remainder when 290408269 is divided by 1498.
1495
Calculate the remainder when 57066668 is divided by 624.
620
What is the remainder when 262996 is divided by 37?
0
Calculate the remainder when 5626383 is divided by 6.
3
Calculate the remainder when 34717307 is divided by 4966.
1
What is the remainder when 3865 is divided by 117?
4
Calculate the remainder when 446354 is divided by 140.
34
What is the remainder when 510160 is divided by 3055?
3030
What is the remainder when 931560 is divided by 532?
28
What is the remainder when 70704124 is divided by 387?
385
What is the remainder when 11229547 is divided by 44?
43
Calculate the remainder when 43211801 is divided by 13890.
11
What is the remainder when 303662 is divided by 666?
632
What is the remainder when 11393 is divided by 5694?
5
Calculate the remainder when 200861 is divided by 540.
521
Calculate the remainder when 727472 is divided by 842.
826
What is the remainder when 575457957 is divided by 980?
977
Calculate the remainder when 28946071 is divided by 71.
10
What is the remainder when 15118566 is divided by 11084?
11074
What is the remainder when 75479572 is divided by 180?
172
What is the remainder when 600229 is divided by 300019?
191
What is the remainder when 238878 is divided by 79623?
9
What is the remainder when 1292424 is divided by 34930?
14
Calculate the remainder when 191001 is divided by 112.
41
Calculate the remainder when 99245172 is divided by 3264.
3252
What is the remainder when 1251509 is divided by 14551?
123
What is the remainder when 2962609 is divided by 269328?
1
What is the remainder when 102346181 is divided by 233?
232
Calculate the remainder when 5869291 is divided by 5144.
5131
Calculate the remainder when 196869 is divided by 6562.
9
What is the remainder when 22484882 is divided by 175?
7
What is the remainder when 38031 is divided by 330?
81
Calculate the remainder when 546222 is divided by 24819.
204
Calculate the remainder when 4271215 is divided by 64715.
25
What is the remainder when 87455 is divided by 1619?
29
Calculate the remainder when 7070232 is divided by 1268.
1132
What is the remainder when 170584 is divided by 7746?
172
Calculate the remainder when 252069 is divided by 1627.
1511
What is the remainder when 22407721 is divided by 1723670?
11
What is the remainder when 157592 is divided by 150?
92
What is the remainder when 3411688 is divided by 25846?
16
What is the remainder when 848269 is divided by 47107?
343
What is the remainder when 43491545 is divided by 462676?
1
What is the remainder when 1594084 is divided by 560?
324
What is the remainder when 35112 is divided by 1938?
228
Calculate the remainder when 132636 is divided by 22086.
120
What is the remainder when 83162283 is divided by 57?
24
Calculate the remainder when 3037690 is divided by 2390.
0
Calculate the remainder when 86762 is divided by 12374.
144
What is the remainder when 14565 is divided by 730?
695
What is the remainder when 43910659 is divided by 34?
33
What is the remainder when 13203277 is divided by 6601580?
117
Calculate the remainder when 17614257 is divided by 1660.
1657
What is the remainder when 114372 is divided by 1200?
372
What is the remainder when 4440341 is divided by 378?
353
What is the remainder when 333893 is divided by 333831?
62
What is the remainder when 2492671 is divided by 1519?
1511
What is the remainder when 550396 is divided by 1154?
1092
C